 What is the hundreds digit of n(23)?
8
Let r(l) = 5*l**3 + 13*l**2 - 12*l + 4. Let i(z) = 11*z**3 + 27*z**2 - 25*z + 8. Let m(b) = -6*i(b) + 13*r(b). What is the units digit of m(6)?
4
Suppose -1296*b = -1292*b - 11384. What is the tens digit of b?
4
Let d(k) = 5*k**2 + 34*k + 144. What is the units digit of d(-22)?
6
Suppose -4*b + 20 + 8 = 0. Suppose 2*n - 4 = 0, -b*m + 2*m - 3*n = -16. Suppose -m*f + 38 = 5*j - 2*j, -2*f - 5*j + 30 = 0. What is the units digit of f?
5
Suppose 0*s = 2*s - 52. Suppose -259 = 5*u + s. Let y = -30 - u. What is the tens digit of y?
2
What is the units digit of 233 + 4/(28/(-35))?
8
Let i(q) = -3*q**3 + 16*q**2 + q - 3. Let c(p) = -16*p**3 + 81*p**2 + 6*p - 14. Let a(l) = 2*c(l) - 11*i(l). What is the tens digit of a(14)?
1
Let g(d) = 3*d**2 - 14*d + 2. Let t be g(11). What is the units digit of 3/(-6) + 0 + t/2?
5
Suppose 9*u + 1756 = 4*i + 13*u, 5*i - u - 2207 = 0. What is the units digit of i?
1
Suppose -4*k = q + 3*q - 16, -5*k + 8 = 2*q. Let d(h) = -2*h**2 + 4*h - 10*h**2 - 10 + 14*h**2. What is the tens digit of d(q)?
3
Suppose -2 = -n - 0. Suppose n*s - 37 = -0*t - t, 0 = 5*s + 3*t - 92. Suppose -y + s = -5. What is the tens digit of y?
2
Let n = 368 + -163. What is the units digit of n?
5
Suppose -2*g + 5*g - 12788 = -4*m, 2*g - 4*m = 8492. Suppose -y - 15*y + g = 0. What is the tens digit of y?
6
Let u = -35 + 37. Suppose u*k + 4*b - 16 = k, 0 = 2*b - 4. What is the units digit of k?
8
Suppose 0 = -57*p + 3*p + 45306. What is the units digit of p?
9
Suppose 0 = -3*f + 5*b + 378 + 11, 476 = 4*f + 4*b. Let h = -99 + f. What is the tens digit of h?
2
Suppose 6*q + 34 = -8. Let j(l) = -l**2 - 8*l - 6. Let g be j(q). What is the tens digit of 1*(32 + (-1 - g))?
3
Suppose 5360 = -4*v + 12*v. What is the tens digit of v?
7
Let q(c) = 2*c**3 + 5*c**2 - 8*c - 7. Let m be q(-5). Let n = m + 167. Suppose -6*s - n = -7*s. What is the tens digit of s?
7
What is the tens digit of 23976/74*(2 - (-14)/(-8))?
8
Suppose -4*d = -4*q - 80, 0 = -4*q - 0*d + 5*d - 76. Let f be (-9)/(-4)*(-256)/q. Suppose h = -h + f. What is the tens digit of h?
1
Let i = 257 - -199. Let o = i + -217. What is the hundreds digit of o?
2
Suppose -4*p = 5*t - 1918, -2*t + 1359 - 401 = 2*p. What is the units digit of p?
7
Suppose -12*x = -16*x + 936. What is the hundreds digit of x?
2
Suppose 4*t + 0*t - 84 = 0. Let m = 80 - t. What is the tens digit of m?
5
Let h(a) = -6*a - 5 + 7*a + 3*a**2 - a**2 - a**2. Let d(s) = s. Let l be d(-6). What is the tens digit of h(l)?
2
Let i(c) = -c**3 - 7*c**2 + 7*c - 2. Let y be i(-8). Suppose m = 4*a + y*m - 35, -2 = -a + m. Suppose a*g - 7*g + 14 = 0. What is the units digit of g?
7
Suppose -4*h + 5*c + 279 = 0, 3*h + 13 - 266 = -5*c. What is the units digit of h?
6
Suppose 0*a = 2*a - 4. Let l be a - 6*4/(-8). Suppose -5*c - 2*v = -208, -v + 215 = l*c - 6*v. What is the tens digit of c?
4
Suppose 0 = 3*j + 3*s - 12, 0*s + 4 = -2*j + s. Let m = j - -2. Suppose m*n = 4*n - 38. What is the tens digit of n?
1
Suppose 3 = -3*d, -3*u - 13 = u - 3*d. Let w be ((-6)/u)/((-3)/(-18)). Let x = w - -9. What is the units digit of x?
8
Let s be ((-1575)/(-14) - 5)/((-1)/(-2)). Suppose 3*k + 2*r - 103 = 0, 5*k = 3*r + s - 56. What is the units digit of k?
3
Let j(y) = -y**2 + 11*y + 19. Let h be j(11). Let l(w) = -w**2 + 21*w + 34. What is the units digit of l(h)?
2
What is the hundreds digit of (2669/68)/((-2)/(-24))?
4
Let l(j) be the second derivative of -j**5/10 - j**4/6 - 5*j**3/6 - 3*j**2/2 - 21*j. What is the units digit of l(-4)?
3
Suppose -22*u + 19*u = 5*b - 8382, u = 4*b + 2811. What is the thousands digit of u?
2
Suppose 5*b = 2514 + 6061. What is the thousands digit of b?
1
Let s(q) = 59*q**2 + q + 4. Let i be s(2). Suppose 2*d + 1 = -b + 8, 4*b + d = 21. Suppose -x - 180 = -4*k, 5*k - i = 2*x - b*x. What is the tens digit of k?
4
Suppose -5*x + 7226 = -o, -5*x + 2*o = 2018 - 9245. What is the tens digit of x?
4
Let k(d) = 4*d + 36. Let y be k(-7). Suppose y*b - 4*b - 112 = 0. What is the tens digit of b?
2
Suppose -36 = -5*y - 3*u, y + 0*y = -2*u + 3. Let c be ((-20)/45)/((-2)/y). Suppose -5*r - 10 = 0, 4*m - c*r + r - 110 = 0. What is the tens digit of m?
2
Let q = -16 - -13. What is the tens digit of q/(-3)*3 - 32/(-4)?
1
Suppose -2 = -o, 4*o + 2035 = 5*m - o. What is the tens digit of m?
0
Let j be (-4)/3 - (-8)/(-12). What is the units digit of (-5 - 37)/(-7)*j/(-6)?
2
Let d(a) = 0*a**3 - a**3 + 3*a + 10 + 3*a**2 + 7*a**2. Suppose -3*k = 4*v - 37, -4*v = k - 6*k - 45. What is the units digit of d(v)?
0
Suppose 5 = 2*t - 7. Suppose -2*k - 32 = -t*k. Suppose 11 + k = r. What is the units digit of r?
9
Suppose 0 = -5*h + 306 + 69. Let z = -3 + h. What is the units digit of z?
2
Let g be -2*(4 + -6)*-1 - 288. Let t = -171 - g. What is the tens digit of t?
2
Suppose 9*h - 64 = 17. Suppose -h*a - 1680 = -21*a. What is the tens digit of a?
4
Let g(t) = -14*t + 1. Let h = 4 - 5. Let m be g(h). What is the units digit of (-2)/(((-24)/m)/4)?
5
Let q(b) = -b - 8. Let u be q(-5). Let z(x) = -16*x - 1. What is the units digit of z(u)?
7
Let d(s) be the first derivative of 1/2*s**2 - 1 + s. What is the tens digit of d(9)?
1
Let i(x) be the first derivative of 13*x**5/30 + x**4/8 + 7*x**3/3 + 5. Let y(d) be the third derivative of i(d). What is the units digit of y(1)?
5
Suppose 0*t - 4*t = 4*l - 676, -5*t = 4*l - 679. Suppose -4*r = 2*m - l, 5*m - 246 = -5*r + 149. What is the tens digit of m?
7
Suppose -3675 = -154*r + 133*r. What is the tens digit of r?
7
Suppose 3*w + 36 = 5*w. Let d = w - 10. Suppose -3*k - d - 6 = -4*h, 3*h = -3*k. What is the units digit of h?
2
Let q(i) = i**2 + 2*i - 8. Let y be q(-4). Suppose y = -4*z + 23 + 125. What is the units digit of z?
7
Suppose 5650 = 117*i - 107*i. What is the units digit of i?
5
Suppose -3*k - 1131 = -6*k. What is the tens digit of k/39*(-2 - -11)?
8
Let k(t) = 12*t**2 - t + 3. Let z be k(-3). Let r = 259 - z. What is the hundreds digit of r?
1
Let t be 2/(5/((-75)/(-6))). Suppose -3*k + 5*o + 148 = -168, -2*k + t*o = -204. What is the hundreds digit of k?
1
Suppose 241592 + 28216 = 112*u. What is the thousands digit of u?
2
Let u be ((-4 - -1)*19)/1. Let z = u + 184. What is the units digit of z?
7
Let o = -42 - -66. What is the units digit of o/(-30) + -1*(-3536)/20?
6
Let c = 51 - 36. Let o(s) = s**3 - 4*s**2 - 14*s + 14. Let v be o(6). Suppose -4*d - c - 25 = -4*q, -4*q + v*d = -44. What is the units digit of q?
2
Suppose 4*i = 6*i + 50. Let p = i + 27. Suppose -p*n - 82 = -4*n. What is the units digit of n?
1
Let g(u) = u**3 - 34*u**2 - 5*u - 74. What is the tens digit of g(35)?
7
Let p be 55/11 - (1 + 0). Suppose 4*l - 4*i - 12 = 0, 3*l = -0*l - p*i + 2. Suppose -4*u - l = -14. What is the units digit of u?
3
Let k be 2/(-7) - (-111)/21. Suppose k*o = 167 - 17. What is the units digit of o/5*3/2?
9
Let l be ((-15)/10)/((-1)/2). Suppose -l*s + 485 = 5*y, -s = 3*y + 2*s - 285. What is the tens digit of y?
0
Let r = 229 + -355. Let h = -61 - r. What is the units digit of h?
5
Let t(c) = -c + 11. Let y be t(8). Suppose o + y*o = 0. Suppose -5*z + 135 = 5*v, z + o*z - 36 = 2*v. What is the tens digit of z?
3
Let s = -226 - -367. What is the hundreds digit of s?
1
What is the hundreds digit of 352779/336 + 1/16?
0
Suppose 17*z - 12885 = 17732. Suppose -6*y + z = 367. What is the hundreds digit of y?
2
Let p = 32 + 117. Suppose -4*o + 79 = -p. What is the tens digit of o?
5
Let f = 30 - 50. What is the units digit of 3/((-2)/(f - -2))?
7
Suppose 4*p - 43 = -7. Suppose 2*b + p = 5*b. Suppose -5*g + 89 = -3*c, -3*g - b*c + 4 + 35 = 0. What is the tens digit of g?
1
Let p be (-1 + 3)*40/(-16). Let q = -2 - p. Suppose -q*y + 4*y - 16 = 0. What is the tens digit of y?
1
Let w(i) = i**3 + 8*i**2 - 9*i + 10. Let r be w(-7). Let x = r - 78. What is the tens digit of x?
4
Suppose x - 2 + 16 = 5*p, 2*x - 4 = 2*p. Let k(f) = 9*f - 11. What is the units digit of k(x)?
3
Let u = 277 + 360. What is the tens digit of u?
3
Let b = 72 - 101. Let h = -13 - b. What is the tens digit of h?
1
Suppose -5*g + 4*f = -0*f - 109, -3*f = -4*g + 87. What is the tens digit of (-1236)/(-14) + (-6)/g?
8
Let z = 1110 - 769. Let g = 483 - z. What is the hundreds digit of g?
1
Let v = -200 - -27